y + 715 = 2*b, 6*y = 3*y + r*b + 705. What is the hundreds digit of y?
2
Let u be (-2)/((-35273)/(-5040) - 7). Suppose -9*q + 12*q = -5*a + u, -5*q = -4*a - 2437. What is the tens digit of q?
8
Suppose -4*c - 167 = -140*z + 137*z, -15 = 3*c. Suppose -d + 3 = -5. Suppose u - d = z. What is the tens digit of u?
5
Let l(i) = i**3 - 11*i**2 - 2*i - 33. Let j be (-6)/24 - (-41)/4. Let g be l(j). Let z = g - -353. What is the hundreds digit of z?
2
What is the units digit of (-9*(-8)/288)/((-11)/(-2237708))?
7
Suppose 9972 + 9196 = 4*h. Suppose 12404 = 12*o - h. What is the thousands digit of o?
1
What is the hundreds digit of (2/8 - (-6 - (-997338)/(-24)))*1?
5
Let l(c) = 9*c + 82. Let j be l(-8). Suppose -j*t = 13*t - 27991. What is the hundreds digit of t?
2
Let b = 351 - 338. Suppose -10*x = -b*x + 504. What is the hundreds digit of x?
1
Suppose 48 = -9*s - 150. What is the units digit of (-17276)/(-63) + (s/18 - -1)?
4
Let o(k) = 15*k**2 + 5*k - 15. Suppose 3*f - h = -16, -3*f + 2*f + 3*h + 8 = 0. Let w be o(f). Suppose 10*y - w + 245 = 0. What is the tens digit of y?
4
Let i(a) = 4*a**3 - a**2 - 24*a + 55. What is the hundreds digit of i(15)?
9
Suppose -4*p - 21*q = -17*q - 23796, 5*p - 29747 = -3*q. What is the units digit of p?
0
What is the tens digit of 14/133 - 246897/(-76) - (-21)/(-28)?
4
Let u be (-2 + 3)*5*194. Suppose r = 5*d - 180 - 130, -3*r - 5*d = u. Let w = -138 - r. What is the units digit of w?
2
Let s = -194 + 210. Suppose -14*b - 470 = -s*b. What is the tens digit of b?
3
Let b be ((-12)/(-3))/2 - (2 + -13). Let t be -4*((-1)/1 - (-26)/b). What is the tens digit of (-162)/t*((-10)/6 + 3)?
5
Let n = 1926 + -1104. Suppose -7*j + j - n = 0. Let p = 303 + j. What is the tens digit of p?
6
Let f be 0*(0 - (1 - 0)). Let p = -872 - -876. Suppose -p*s - 191 + 1167 = f. What is the tens digit of s?
4
Suppose 287 - 63 = 2*t - 2*p, -4*t = 2*p - 460. What is the units digit of (-18907)/(-19) + -6 + 672/t?
5
Let u(b) = 37*b + 26. Let p be u(-3). Let j = p + 89. Suppose -a - 2*l + 264 = 0, 2*a + j*l = l + 527. What is the hundreds digit of a?
2
Suppose -166*r + 12*r + 627550 = 0. What is the hundreds digit of r?
0
Let y be (-10)/15 - (-4)/(-12). Let c be (0/8)/(0 + y). Suppose o - 13 = -0*o + 4*x, -2*o + x + 61 = c. What is the units digit of o?
3
Suppose 5*o - 29 + 9 = 0. Suppose 4*p - 5*n = -20, 0*p - 2*p = n - o. Suppose 5*d + 0*d = -4*t + 234, -d - 2*t + 42 = p. What is the units digit of d?
0
Suppose 4*f = -2*x + 29958, 0 = -4*f - 4*x + 5616 + 24332. What is the thousands digit of f?
7
Let n(v) = 90*v - 140. Let o be n(11). Suppose 27*t - o = 554. What is the units digit of t?
2
Let b(l) be the first derivative of -l**3/6 + 15*l**2/2 + 7*l + 17. Let w(t) be the first derivative of b(t). What is the units digit of w(-13)?
8
Suppose 22 = 3*l - 4*p - 13, -3*l = p - 10. Suppose l*w = -58 + 318. Suppose 2*h - w = 12. What is the units digit of h?
2
Let b(a) = -919*a - 1567. What is the ten thousands digit of b(-17)?
1
What is the thousands digit of ((-11014)/(-2))/(7/(-2)*(-26)/91)?
5
What is the tens digit of (408/(-48))/(4/(-456))?
6
What is the units digit of (1 + 16919/(-28))*-4 - 7?
6
Suppose -u = 2*u - k - 256, 3*u + 4*k = 266. Let b = -18 + u. What is the hundreds digit of b/51*(-318)/(-4)?
1
Let y(f) = 2*f**2 + 5*f - 12. Let h = -22 + 22. Suppose h = -b - b - 12. What is the tens digit of y(b)?
3
Suppose 2*v - 18036 = 2*j, 315*j + 45030 = 5*v + 320*j. What is the thousands digit of v?
9
Suppose -5*b - 187455 = -5*r, -3*r = 5*b - 17756 - 94685. What is the units digit of r?
7
Suppose 2509 = 68*u - 67*u. Suppose 9225 = 5*g + f + u, -f = -1. What is the units digit of g?
3
Let s be 1 - (5 + -1571 + -2). Suppose 0 = 6*w - 6855 + s. What is the hundreds digit of w?
8
Suppose 12*b = 14*b - 5*b + 47118. What is the units digit of b?
6
Let t = 1605 + -80. What is the units digit of t?
5
Let t(z) = 28*z**2 + 23*z + 256. What is the ten thousands digit of t(-33)?
2
Let s(o) be the third derivative of -o**6/120 + o**5/5 - o**4/3 - o**3/2 - 14*o**2. Let i = -451 - -459. What is the units digit of s(i)?
9
Let z = -180 + 70. Suppose -10*n + 1250 = -5*n. Let q = n + z. What is the tens digit of q?
4
Let v(k) = k**2 + k - 1483 + 1483 - 4*k**3. Let p be v(-1). Suppose 4*t = p, -r + 0*t + 102 = t. What is the tens digit of r?
0
Let m be 10/(-12)*-2 + (-2)/(-6). Suppose -m*t = p - 94, 5*p - t - t = 518. Let n = -32 + p. What is the tens digit of n?
7
Suppose -18*w = -15*w + 2*l - 2, 0 = w + 5*l - 5. Suppose 9*k - 3366 = -w*k. What is the tens digit of k?
7
Let h(i) = -672*i**3 - 3*i**2 - 12*i - 11. Suppose 25 = -36*r - 11. What is the tens digit of h(r)?
7
Suppose 9*q - 4187 = 13012. Suppose 2580 = 5*n + 5*t, 4*n - q = -t + 165. What is the hundreds digit of n?
5
Suppose 21550 = -17*k - 19027 + 275534. What is the ten thousands digit of k?
1
Let y = -257 + 352. Suppose 2*n - y = -z, 3*n = -23*z + 27*z - 424. What is the tens digit of z?
0
Suppose 0*f + 2*v = 5*f - 190, -76 = -2*f - v. What is the tens digit of 7/(50/92 - f/76)?
6
Let a = 21949 + -7454. What is the hundreds digit of a?
4
Let y(p) = -18*p - 27. Let w(u) = -19*u - 27. Let c(k) = -4*w(k) + 5*y(k). Let l be c(-8). Let f = l + 6. What is the units digit of f?
1
Suppose 5*l + 0*o = -4*o + 26330, -o = -4*o. What is the units digit of l?
6
Let f(g) = g**2 + 6*g - 23. Let z(v) = -v**2 - 5*v + 23. Let h(c) = -7*f(c) - 6*z(c). Suppose -7*r = 102 - 11. What is the tens digit of h(r)?
1
Suppose -z - 2*j = -35623, 2*z = -3*j + 48297 + 22956. What is the tens digit of z?
3
Suppose -23*l + 39023 = -108614. What is the units digit of l?
9
Let i(u) = -1523*u - 182. What is the hundreds digit of i(-5)?
4
Let m = -50 - -59. Suppose -5*i - 2*v = 334, -v = -i - 73 + m. What is the units digit of (2 + -12)/(11/i)?
0
Let z be (45/(-30))/(2/(-1724)). Let b = z - 765. What is the hundreds digit of b?
5
Let w(p) = 3*p**2 + 17*p - 7*p - 37 + 57. Let y be w(-5). What is the hundreds digit of 4650/y - (1 + (-4)/6)?
1
Suppose 5*k + 2 = -3*a, -3*a - 10 - 2 = 0. Suppose 5*j = k*j + 573. Let m = j - -8. What is the hundreds digit of m?
1
Suppose -5*l + 13 = 2*c - 1, 0 = 2*c - 2*l - 14. Let b(n) = -n**3 - n + 21 - n**2 + 7*n**2 + 7*n. What is the tens digit of b(c)?
1
Let g(n) = n**2 - 6*n - 9. Let m be g(8). Let a be (-1)/(-2)*(m + 5). Suppose -342 = -a*w + 6. What is the tens digit of w?
5
Let n = 138 - 136. Suppose 5*o = -3*d + 77, -2*d = -0*o + n*o - 58. What is the units digit of d?
4
Let k(p) be the first derivative of 29*p**2/2 - 16*p + 5. Let d be k(5). Suppose 2*s - 232 = -2*f, 4*f - 321 - d = 3*s. What is the units digit of f?
4
Let l(x) = -3607*x - 4647. What is the ten thousands digit of l(-12)?
3
Let o be (3/(-1) + -3)/((-9)/(-6)). Let u be (-14)/o - (-3)/2 - -1. What is the units digit of 555/u*4/5?
4
Let p = 90 - 91. What is the hundreds digit of ((-4)/12 + 0)/(p/1203)?
4
What is the thousands digit of -1 - -7 - 12*(-17 + -966)?
1
Let q(f) = f**2 - f + 17. Suppose 3*w + 80 = 4*w. Suppose -h = -9*h - w. What is the hundreds digit of q(h)?
1
Suppose 2*a + 2*g - 5142 = 2234, -2*a = -4*g - 7376. Suppose -21*o + 4754 = -a. What is the units digit of o?
2
Let q = -133 + 139. Suppose q*d + 128 = 1796. What is the hundreds digit of d?
2
Let r(m) = 6*m**3 + 2*m**2 + 66*m + 75. What is the thousands digit of r(10)?
6
Let u(q) = 636*q - 1122. What is the hundreds digit of u(20)?
5
Let h = 86 + -84. Suppose i - 2*p - 1090 = 0, h*i + 3*i + 3*p = 5385. What is the thousands digit of i?
1
Suppose -4*p + 1608 = -2*f, -p + 416 = f - 5*f. Suppose -3*c = -806 - p. What is the hundreds digit of c?
4
Suppose 5*r - 3*r = -4*y + 2, 0 = 5*y. Let c be (-1 + 49 + r)*(-15 + 16). What is the units digit of 7/((-147)/(-612)) - 7/c?
9
Let d(p) = -550*p - 32. Let l be d(-5). Suppose 4*o - 6*o - c = -1801, 3*o - 4*c = l. What is the hundreds digit of o?
9
What is the thousands digit of (1/(-4))/(11/44)*28633/(-11)?
2
Let y = -26838 + 41114. What is the tens digit of y?
7
Suppose 4*c - 5*s = -4*s + 8, -2*c = s - 4. Suppose -3*l - c*l + 40 = 0. Let g(h) = 8*h - 3. What is the tens digit of g(l)?
6
Suppose -3*d - 483 + 147 = 0. Let r = 236 - d. What is the hundreds digit of r?
3
Let j = -6045 + 8445. What is the hundreds digit of j?